*o, 4*h + 0*o - 4*o = 12. What is the remainder when 54/1*h/(-2) is divided by 4?
3
Suppose 12 = 3*i, 0*b - 220 = -4*b - 4*i. Let g(l) = 2*l**3 - 30*l**2 - 34*l + 58. Calculate the remainder when b is divided by g(16).
25
Let f = -1 + 1. Let n(x) = 4 + x + f*x + 8*x. Calculate the remainder when 65 is divided by n(2).
21
Let x(p) = 37*p + 1. Suppose -51 = 2*q - 349. Calculate the remainder when q is divided by x(1).
35
Suppose -2*a - 104 = -3*u - 0*u, 0 = -5*u + a + 185. What is the remainder when 112 is divided by u?
36
Let q = 278 + -191. Calculate the remainder when q is divided by (-4)/(-24) + 1 + (-692)/(-24).
27
Let u = 295 - 492. Let w = 280 + u. What is the remainder when w is divided by 21?
20
Suppose -5*i - 2*n + 24 = -0*n, 3*i = 2*n + 8. Let g = -40 - -50. Suppose 0 = -6*w + 8*w - g. Calculate the remainder when w is divided by i.
1
Let k(f) = f**2 - 2*f - 3. Let r be k(-2). Let c(o) = o**3 + o**2 + 7*o - 7. What is the remainder when c(r) is divided by 26?
22
What is the remainder when 517 is divided by (-220)/(-3) + 9/((-135)/(-10))?
73
Suppose -620 = 20*m - 30*m. What is the remainder when m is divided by 10?
2
Let s(u) = -u**3 - 6*u**2 + 6*u + 6. Let a(t) = -4*t + 1. Let q be a(1). Calculate the remainder when (-7 - -1)*19/q is divided by s(-7).
12
Let n(j) = 2*j**3 + j**2 - j + 1. Let u be n(1). Suppose -2*q = 3*z - 88, 3*q + 7*z = 4*z + 126. Calculate the remainder when q is divided by 20/(u/1 + -1).
8
Calculate the remainder when 56 is divided by (-400)/(-14) - ((-33)/77)/1.
27
Suppose -5*m + 4*s + 22 + 15 = 0, -5*m + 2*s = -41. Calculate the remainder when 41 is divided by m.
5
Let j(x) = x**3 - 19*x**2 + 18*x - 3. Let p be j(18). Let v(g) = 4 + 0*g**2 + g - 2*g**2 + 3*g**2. Calculate the remainder when 38 is divided by v(p).
8
Let x(g) = 4*g**3 - 4*g**2 + 4. Suppose 12*h - 889 = 1607. Suppose 8*t = -0*t + h. What is the remainder when x(3) is divided by t?
24
Let o = -68 - -184. Let j(d) = 8*d**2 - 2*d + 2. What is the remainder when -3*(-3)/18*o is divided by j(2)?
28
Let i(m) = m**3 - 8*m**2 - 47*m - 7. Calculate the remainder when 12 is divided by i(12).
2
Let j(l) = l**2 - 54*l - 208. Calculate the remainder when 115 is divided by j(58).
19
Suppose 0 = 17*w - 15*w - 30. Let v(t) = t**2 + t + 5. What is the remainder when v(-5) is divided by w?
10
Let f(y) = -y**2 + 7*y + 22. Calculate the remainder when f(8) is divided by 8.
6
Let i(o) = o**2 + 2*o - 47. Let t(u) = -2*u**2 - 5*u + 93. Let v(a) = -5*i(a) - 3*t(a). Calculate the remainder when 14 is divided by v(-10).
2
Let l = -75 + 130. Let w = -41 + l. Calculate the remainder when 38 is divided by w.
10
Let h = 55 + -43. Let d(m) = 6*m + 33. What is the remainder when d(h) is divided by 28?
21
Let w = 53 - 51. What is the remainder when 2 + w - (-60 + 0) is divided by 33?
31
Suppose 3*y = 3*a - 117, -a - 2*y + 43 = -7*y. Suppose -p = -2*p + a. Calculate the remainder when 110 is divided by p.
34
Suppose -3*j + 72 = -0*j. Suppose 16*u = 134 - 22. What is the remainder when j is divided by u?
3
Let a(z) = -15*z - 499. What is the remainder when a(-46) is divided by 31?
5
Suppose 8*z - 4*h = 4*z + 76, z - 22 = 4*h. What is the remainder when 103 is divided by z?
13
Let c(z) = -15*z - 51. Let y(s) = 7*s + 25. Let j(t) = -4*c(t) - 9*y(t). Let k(m) = -m**2 - 10*m - 9. What is the remainder when j(-11) is divided by k(-8)?
5
Suppose x + b - 36 = 0, -b + 18 = -2*x + 81. Let p be (0 - -1)/((-3)/(-144)). Suppose -o + p = 3*o. Calculate the remainder when x is divided by o.
9
Let c = 1087 - 1061. Calculate the remainder when 387 is divided by c.
23
Suppose -62*u + 1882 = -8472. Calculate the remainder when 508 is divided by u.
7
Let j(p) = -3*p - 14. Calculate the remainder when ((-2)/8)/((-6)/24) is divided by j(-5).
0
Let q(h) = -h + 2. Let j(m) = m - 2. Let c(g) = 3*j(g) + 4*q(g). Let p be c(0). Suppose 4*a - 22 = p*a. Calculate the remainder when a is divided by 6.
5
Let w(i) = -5*i + 184. Calculate the remainder when 24 is divided by w(32).
0
Suppose -3*d + 1 = v + 3, -4*d + 4 = 0. Let x = 14 + v. What is the remainder when 23 is divided by x?
5
Let c(w) = -w**2 - 18*w + 30. Let y = -10 + 2. Let j(s) = -s**2 - 10*s - 8. Calculate the remainder when c(-18) is divided by j(y).
6
Let n = 397 + -175. Calculate the remainder when n is divided by 75.
72
Suppose 2*i - b = -7, -4*i - 19 = 4*b - b. Let t = 66 - 58. Calculate the remainder when 201/7 - i/14 is divided by t.
5
What is the remainder when (-3584)/(-6) - (-6)/(-18) is divided by 121?
113
Let x be ((-105)/20)/(2/24). Let c be x/(-28) + 2/(-8). Suppose 24 = c*k - 26. Calculate the remainder when 49 is divided by k.
24
Suppose 2*w = -15*k + 11*k + 340, 5*w - 4*k - 906 = 0. What is the remainder when w is divided by 45?
43
Let h(q) = 2*q**3 - 6*q**2 + 0*q**2 - 3*q**3 - 7*q. Let i be h(-5). Suppose 5*x + 13 = 3*d - 27, -d - 3*x = i. Calculate the remainder when 18 is divided by d.
3
Let d(w) = w**3 + 2*w**2 - 11*w - 10. Suppose 3*t - 2*t = 1. Suppose -u = -o - 11 - t, 0 = 2*u - o - 19. Calculate the remainder when u is divided by d(-4).
1
Calculate the remainder when (-7 + 3 + -3)*-5 is divided by 2*(130/4)/5.
9
Let l(t) = 8*t - 1. Let v be l(-5). Suppose 2*o + 55 = 3*s - 0*s, -5*s = -o - 101. Calculate the remainder when v/(-3)*(3 + 3) is divided by s.
19
Let k be -2 + (-2 - -1) + 18/3. Calculate the remainder when 70 is divided by -1 - (1/k)/(4/(-228)).
16
Let j = 103 - -18. Calculate the remainder when j is divided by 62.
59
Suppose 16*q - 17*q = -23. What is the remainder when 27 is divided by q?
4
Let g be ((-7)/(42/30) - -10) + 67. Let i be (-1)/2 - 22/(-4). Calculate the remainder when -3 - (-5)/(i/g) is divided by 14.
13
Suppose -2*f = -4*b - 16, 5*f - 40 = b - 3*b. Let s = 228 + -191. What is the remainder when s is divided by f?
5
Let g = -61 - -47. What is the remainder when (-1156)/g + 12/(-21) is divided by 17?
14
Suppose 15 = 3*s - 15. Calculate the remainder when 188 is divided by (76/s)/((-2)/(-10)).
36
Suppose -2*u + 3*u = -4*o + 36, u + 20 = 3*o. Suppose f + 4 - 10 = 0. Calculate the remainder when (-8)/6*(-63)/f is divided by o.
6
Let r(g) = 3*g**2 - 3*g - 19. Let t(s) = s**3 + 6*s**2 + 5. What is the remainder when r(8) is divided by t(-5)?
29
Suppose -23*h + 900 = -17*h. Let v = 200 - 35. Suppose -25 = -5*m + v. What is the remainder when h is divided by m?
36
Let z = -15 + 20. Suppose 0 = v - 5*x, z*x = -v - 4*v + 150. What is the remainder when v is divided by 9?
7
Suppose 4*y = -5*t + 80, 0 = 3*t - 4*y - 38 + 22. Suppose o - 7 - 22 = 0. What is the remainder when o is divided by t?
5
Suppose -a + v + 4*v = -25, 4*a = -v + 121. Calculate the remainder when a is divided by (2/(-6))/((-64)/2112).
8
Let r be ((-2)/4)/(5/(-10)). Let q be 31 - r - 3 - 1. Suppose h + h = q. Calculate the remainder when h is divided by 8.
5
Let h = 12 - 3. Let r = 7 - h. Calculate the remainder when (6/(-5))/(r/95) is divided by 15.
12
Suppose 0 = 5*z - 742 + 252. Calculate the remainder when z is divided by 27.
17
What is the remainder when (-117)/(-5) + ((-6)/(-10) - 1) is divided by (-4)/((-32)/(-6))*-16?
11
Let o be (-10)/(-25)*(-342 + -3). What is the remainder when o/21*(2 + -9) is divided by (-92)/(-6) + 4/6?
14
Suppose g + 1 - 5 = 0. Suppose g*z - 3 = 77. Calculate the remainder when z is divided by 8.
4
Suppose -r + 51 + 10 = 0. What is the remainder when r is divided by ((-64)/(-3))/(-1)*6/(-4)?
29
Let z = -24 - -16. Let i = 8 + z. Suppose 5*r + 10*w - 5*w - 25 = i, 0 = r - 3*w - 9. Calculate the remainder when 10 is divided by r.
4
Let o(k) = -k + 4. Let c be o(5). Let l be ((-6)/4)/(c/2). Suppose -l*n + 2*n + 5 = 0. What is the remainder when 13 is divided by n?
3
Let j = -1002 + 2306. Let d be (5/(-10))/(4/j). Let g = 284 + d. What is the remainder when g is divided by 31?
28
Let r(i) = -i - 6 - i + i. Let n be r(-8). What is the remainder when 12 - n*2/(-4) is divided by 5?
3
Suppose 0 = 2*x - 13 - 27. Calculate the remainder when 127 is divided by x.
7
Suppose -6*p = -1020 - 84. What is the remainder when p is divided by 13?
2
Let d = 14 + 2. Suppose -8*f = -5*r - 4*f + 139, -3*r + 4*f = -77. What is the remainder when r is divided by d?
15
Suppose -14*v - 14*v + 3668 = 0. Calculate the remainder when v is d